e 4) to base 15.
65
Convert 5 (base 11) to base 13.
5
What is 55 (base 9) in base 16?
32
What is 5 (base 13) in base 15?
5
Convert -19 (base 15) to base 3.
-220
52 (base 9) to base 13
38
Convert -112 (base 3) to base 14.
-10
What is -1 (base 16) in base 9?
-1
What is -4 (base 15) in base 8?
-4
What is -2 (base 6) in base 9?
-2
11 (base 12) to base 10
13
Convert -13 (base 15) to base 4.
-102
What is -100 (base 2) in base 5?
-4
Convert -7 (base 11) to base 9.
-7
What is -203 (base 5) in base 10?
-53
-303 (base 5) to base 15
-53
16 (base 11) to base 10
17
What is -20 (base 11) in base 8?
-26
0 (base 4) to base 3
0
What is 11 (base 6) in base 11?
7
-5 (base 8) to base 11
-5
-12 (base 16) to base 8
-22
Convert -13 (base 12) to base 8.
-17
What is -3 (base 4) in base 12?
-3
What is -430 (base 5) in base 16?
-73
What is 3 (base 5) in base 3?
10
-6 (base 7) to base 15
-6
-2 (base 3) to base 6
-2
Convert -44 (base 5) to base 15.
-19
7 (base 8) to base 9
7
What is 4 (base 15) in base 16?
4
32 (base 9) to base 15
1e
What is 36 (base 7) in base 4?
123
Convert -1d (base 16) to base 2.
-11101
Convert 6 (base 7) to base 10.
6
0 (base 9) to base 8
0
Convert -1020 (base 5) to base 2.
-10000111
Convert 3 (base 5) to base 10.
3
What is -1 (base 11) in base 16?
-1
1 (base 12) to base 6
1
Convert -8 (base 10) to base 3.
-22
-10 (base 6) to base 13
-6
5 (base 9) to base 11
5
-28 (base 11) to base 3
-1010
-35 (base 7) to base 2
-11010
Convert 42 (base 6) to base 2.
11010
What is 12 (base 7) in base 8?
11
1 (base 3) to base 6
1
What is 1 (base 8) in base 6?
1
What is 146 (base 9) in base 8?
173
Convert 30 (base 9) to base 6.
43
Convert -42 (base 6) to base 15.
-1b
What is -3 (base 6) in base 5?
-3
Convert -101 (base 2) to base 16.
-5
Convert -3 (base 6) to base 3.
-10
What is 5 (base 14) in base 11?
5
What is -2 (base 14) in base 16?
-2
Convert -2 (base 9) to base 15.
-2
-6 (base 14) to base 12
-6
300 (base 4) to base 14
36
-2 (base 13) to base 11
-2
14 (base 11) to base 15
10
42 (base 6) to base 9
28
What is 1 (base 7) in base 15?
1
Convert -11 (base 4) to base 7.
-5
-2c (base 15) to base 4
-222
0 (base 12) to base 14
0
Convert -1000 (base 2) to base 8.
-10
What is -2 (base 12) in base 6?
-2
-11 (base 6) to base 12
-7
Convert 2 (base 10) to base 5.
2
Convert 6 (base 8) to base 3.
20
Convert -1202 (base 3) to base 6.
-115
Convert -b (base 15) to base 9.
-12
Convert -a3 (base 15) to base 6.
-413
111 (base 3) to base 7
16
Convert 123 (base 4) to base 16.
1b
-3 (base 7) to base 15
-3
What is -26 (base 13) in base 15?
-22
-1 (base 6) to base 13
-1
What is 114 (base 5) in base 12?
2a
Convert -3032 (base 4) to base 6.
-542
What is 0 (base 9) in base 7?
0
Convert -1 (base 5) to base 7.
-1
Convert -10 (base 2) to base 12.
-2
Convert 150 (base 11) to base 9.
215
2 (base 11) to base 16
2
-10 (base 12) to base 4
-30
What is -4 (base 16) in base 15?
-4
What is -3 (base 15) in base 7?
-3
What is -14 (base 15) in base 3?
-201
15 (base 7) to base 10
12
-22 (base 4) to base 3
-101
Convert -37 (base 10) to base 4.
-211
Convert 25 (base 8) to base 16.
15
5 (base 11) to base 7
5
-8 (base 16) to base 4
-20
-3 (base 13) to base 8
-3
What is 10211 (base 3) in base 8?
147
What is 2201 (base 4) in base 12?
115
-3 (base 5) to base 11
-3
-a6 (base 16) to base 13
-ca
What is -110011 (base 2) in base 3?
-1220
-6 (base 13) to base 8
-6
10100 (base 2) to base 11
19
What is a6 (base 14) in base 16?
92
-8 (base 14) to base 16
-8
-2 (base 8) to base 15
-2
What is 6 (base 10) in base 15?
6
Convert -245 (base 11) to base 8.
-443
-7 (base 10) to base 13
-7
b (base 16) to base 10
11
What is -22 (base 8) in base 7?
-24
-1 (base 14) to base 12
-1
Convert -4 (base 7) to base 4.
-10
118 (base 12) to base 7
323
Convert 67 (base 9) to base 7.
115
Convert 3 (base 16) to base 15.
3
-120 (base 5) to base 14
-27
-21 (base 6) to base 8
-15
-28 (base 11) to base 2
-11110
Convert 0 (base 6) to base 10.
0
Convert 0 (base 7) to base 10.
0
Convert 47 (base 16) to base 9.
78
332 (base 6) to base 7
242
Convert -34 (base 8) to base 10.
-28
1 (base 13) to base 8
1
Convert -145 (base 9) to base 7.
-233
What is 220 (base 4) in base 14?
2c
2130 (base 4) to base 9
183
Convert -105 (base 6) to base 11.
-38
Convert 83 (base 12) to base 9.
120
5 (base 12) to base 4
11
-3a (base 16) to base 11
-53
Convert -2120 (base 3) to base 12.
-59
Convert 3 (base 4) to base 9.
3
What is c (base 16) in base 3?
110
What is 1 (base 13) in base 2?
1
-1 (base 7) to base 10
-1
Convert -7 (base 16) to base 12.
-7
Convert 9 (base 15) to base 13.
9
What is -1a (base 11) in base 3?
-210
What is 1a (base 12) in base 10?
22
-1 (base 9) to base 12
-1
-3 (base 11) to base 12
-3
Convert -2111 (base 3) to base 13.
-52
Convert -1 (base 12) to base 11.
-1
2 (base 8) to base 7
2
-3 (base 10) to base 4
-3
-121 (base 3) to base 4
-100
1 (base 15) to base 12
1
33 (base 5) to base 2
10010
4 (base 14) to base 9
4
Convert -12 (base 6) to base 11.
-8
1 (base 6) to base 14
1
Convert -18 (base 11) to base 2.
-10011
Convert -435 (base 6) to base 2.
-10100111
What is -50 (base 12) in base 2?
-111100
234 (base 5) to base 8
105
What is 72 (base 9) in base 5?
230
Convert dd (base 14) to base 15.
d0
Convert 5 (base 14) to base 11.
5
Convert 200 (base 3) to base 16.
12
10323 (base 4) to base 16
13b
Convert 21 (base 8) to base 6.
25
Convert -1 (base 13) to base 3.
-1
Convert 81 (base 10) to base 2.
1010001
-102 (base 3) to base 7
-14
Convert 35 (base 6) to base 11.
21
-31 (base 15) to base 8
-56
11 (base 6) to base 13
7
What is -12 (base 6) in base 9?
-8
Convert -9 (base 13) to base 10.
-9
What is 14 (base 5) in base 10?
9
What is 63 (base 7) in base 9?
50
Convert -170 (base 9) to base 5.
-1034
Convert 13b (base 15) to base 11.
236
What is -44 (base 11) in base 13?
-39
Convert 6 (base 9) to base 3.
20
What is 1 (base 13) in base 2?
1
Convert -151 (base 7) to base 16.
-55
Convert 4 (base 12) to base 15.
4
What is -21 (base 3) in base 7?
-10
Convert 3 (base 12) to base 11.
3
What is -152 (base 6) in base 7?
-125
Convert -1 (base 13) to base 6.
-1
-4 (base 13) to base 6
-4
Convert 1001 (base 3) to base 7.
40
101000000 (base 2) to base 11
271
What is 1 (base 14) in base 11?
1
-3 (base 13) to base 15
-3
Convert 6 (base 14) to base 13.
6
What is 5 (base 13) in base 6?
5
-2 (base 15) to base 13
-2
What is -21 (base 3) in base 11?
-7
What is -4 (base 6) in base 15?
-4
Convert 8 (base 11) to base 12.
8
What is 3 (base 13) in base 4?
3
Convert -10 (base 5) to base 14.
-5
-115 (base 10) to base 13
-8b
-310 (base 7) to base 6
-414
What is 6 (base 16) in base 6?
10
1 (base 5) to base 4
1
What is 3 (base 10) in base 2?
11
-100 (base 2) to base 7
-4
1 (base 4) to base 10
1
-4 (base 13) to base 6
-4
Convert 314 (base 6) to base 10.
118
Convert -6c (base 13) to base 2.
-1011010
-127 (base 11) to base 12
-106
Convert 12 (base 3) to base 13.
5
Convert 112 (base 8) to base 11.
68
What is -113 (base 8) in base 5?
-300
Convert -2 (base 11) to base 12.
-2
43 (base 5) to base 11
21
Convert 11 (base 3) to base 7.
4
What is 354 (base 6) in base 16?
8e
-129 (base 11) to base 14
-ac
-55 (base 7) to base 4
-220
What is -232 (base 5) in base 11?
-61
What is 229 (base 12) in base 9?
386
-2 (base 6) to base 10
-2
What is 232 (base 5) in base 16?
43
Convert 101 (base 2) to base 7.
5
Convert -121 (base 3) to base 7.
-22
341 (base 6) to base 7
250
Convert -134 (base 5) to base 4.
-230
Convert 3 (base 16) to base 4.
3
Convert 0 (base 14) to base 12.
0
-147 (base 10) to base 11
-124
Convert -2 (base 16) to base 14.
-2
What is 10c (base 13) in base 3?
20201
-2 (base 7) to base 16
-2
Convert -450 (base 8) to base 7.
-602
Convert -34 (base 16) to base 15.
-37
Convert 1b (base 15) to base 3.
222
Convert 9 (base 12) to base 11.
9
111 (base 2) to base 15
7
What is 1 (base 8) in base 14?
1
What is 132 (base 6) in base 8?
70
Convert 3 (base 5) to base 14.
3
Convert -22 (base 10) to base 5.
-42
What is -18 (base 13) in base 15?
-16
What is -24 (base 9) in base 5?
-42
Convert -3 (base 16) to base 7.
-3
Convert -22 (base 3) to base 10.
-8
-21201 (base 3) to base 4
-3100
Convert -85 (base 15) to base 2.
-1111101
Convert -1100001 (base 2) to base 16.
-61
Convert 17 (base 15) to base 12.
1a
-1 (base 12) to base 8
-1
-60 (b